{"id":355,"date":"2024-06-13T13:32:37","date_gmt":"2024-06-13T13:32:37","guid":{"rendered":"https:\/\/fada.una.py\/mapeoescuelasmusicapy\/?page_id=355"},"modified":"2024-06-26T19:09:52","modified_gmt":"2024-06-26T19:09:52","slug":"sobre-el-proyecto","status":"publish","type":"page","link":"https:\/\/fada.una.py\/mapeoescuelasmusicapy\/index.php\/sobre-el-proyecto\/","title":{"rendered":"Sobre el proyecto"},"content":{"rendered":"\t\t<div data-elementor-type=\"wp-page\" data-elementor-id=\"355\" class=\"elementor elementor-355\" data-elementor-post-type=\"page\">\n\t\t\t\t<div class=\"elementor-element elementor-element-ea17c11 e-con-full e-flex e-con e-parent\" data-id=\"ea17c11\" data-element_type=\"container\" data-settings=\"{&quot;content_width&quot;:&quot;full&quot;,&quot;background_background&quot;:&quot;classic&quot;}\" data-core-v316-plus=\"true\">\n\t\t\t\t<div class=\"elementor-element elementor-element-67c58fc elementor-widget elementor-widget-image\" data-id=\"67c58fc\" data-element_type=\"widget\" data-widget_type=\"image.default\">\n\t\t\t\t<div class=\"elementor-widget-container\">\n\t\t\t<style>\/*! elementor - v3.19.0 - 05-02-2024 *\/\n.elementor-widget-image{text-align:center}.elementor-widget-image a{display:inline-block}.elementor-widget-image a img[src$=\".svg\"]{width:48px}.elementor-widget-image img{vertical-align:middle;display:inline-block}<\/style>\t\t\t\t\t\t\t\t\t\t<img fetchpriority=\"high\" decoding=\"async\" width=\"800\" height=\"370\" src=\"https:\/\/fada.una.py\/mapeoescuelasmusicapy\/wp-content\/uploads\/2024\/06\/equipo-1024x474.jpg\" class=\"attachment-large size-large wp-image-586\" alt=\"\" srcset=\"https:\/\/fada.una.py\/mapeoescuelasmusicapy\/wp-content\/uploads\/2024\/06\/equipo-1024x474.jpg 1024w, https:\/\/fada.una.py\/mapeoescuelasmusicapy\/wp-content\/uploads\/2024\/06\/equipo-300x139.jpg 300w, https:\/\/fada.una.py\/mapeoescuelasmusicapy\/wp-content\/uploads\/2024\/06\/equipo-768x355.jpg 768w, https:\/\/fada.una.py\/mapeoescuelasmusicapy\/wp-content\/uploads\/2024\/06\/equipo.jpg 1200w\" sizes=\"(max-width: 800px) 100vw, 800px\" \/>\t\t\t\t\t\t\t\t\t\t\t\t\t<\/div>\n\t\t\t\t<\/div>\n\t\t\t\t<\/div>\n\t\t<div class=\"elementor-element elementor-element-4075c10 e-flex e-con-boxed e-con e-parent\" data-id=\"4075c10\" data-element_type=\"container\" data-settings=\"{&quot;background_background&quot;:&quot;classic&quot;,&quot;content_width&quot;:&quot;boxed&quot;}\" data-core-v316-plus=\"true\">\n\t\t\t\t\t<div class=\"e-con-inner\">\n\t\t\t\t<div class=\"elementor-element elementor-element-36f724a elementor-widget elementor-widget-text-editor\" data-id=\"36f724a\" data-element_type=\"widget\" data-widget_type=\"text-editor.default\">\n\t\t\t\t<div class=\"elementor-widget-container\">\n\t\t\t<style>\/*! elementor - v3.19.0 - 05-02-2024 *\/\n.elementor-widget-text-editor.elementor-drop-cap-view-stacked .elementor-drop-cap{background-color:#69727d;color:#fff}.elementor-widget-text-editor.elementor-drop-cap-view-framed .elementor-drop-cap{color:#69727d;border:3px solid;background-color:transparent}.elementor-widget-text-editor:not(.elementor-drop-cap-view-default) .elementor-drop-cap{margin-top:8px}.elementor-widget-text-editor:not(.elementor-drop-cap-view-default) .elementor-drop-cap-letter{width:1em;height:1em}.elementor-widget-text-editor .elementor-drop-cap{float:left;text-align:center;line-height:1;font-size:50px}.elementor-widget-text-editor .elementor-drop-cap-letter{display:inline-block}<\/style>\t\t\t\t<p>Impulsado por el equipo de investigaci\u00f3n de la Licenciatura en M\u00fasica, con el apoyo de los fondos de investigaci\u00f3n de Facultad de Arquitectura, Dise\u00f1o y Arte, este proyecto se enmarca en la l\u00ednea de investigaci\u00f3n \u201cEducaci\u00f3n musical, TICs y desarrollo humano en Paraguay\u201d y busca brindar informaci\u00f3n actualizada sobre la caracterizaci\u00f3n y ubicaci\u00f3n georreferenciada de los centros de formaci\u00f3n musical habilitados en el Paraguay.<\/p><p>Se espera que estos datos puedan contribuir a:<\/p><p>&#8211; comprender la situaci\u00f3n de la los centros de formaci\u00f3n musical en Paraguay<br \/>&#8211; desarrollar estudios posteriores que puedan profundizar el tema con un enfoque anal\u00edtico<br \/>&#8211; dise\u00f1ar iniciativas que fortalezcan y mejoren la calidad educativa en el \u00e1rea musical.<\/p><p>\u00a0<\/p><p><strong>\u00a1Quiero participar!<\/strong><\/p><p>\u00a0<\/p><p>Los centros de formaci\u00f3n musical habilitados por la Direcci\u00f3n General de Educaci\u00f3n en el Arte y el Consejo Nacional de Educaci\u00f3n Superior a nivel nacional ya se encuentran ubicados en el mapa. <br \/>Hasta el momento, instituciones de 7 departamentos han participado contribuyendo datos que permitir\u00e1n comprender la situaci\u00f3n de los centros de formaci\u00f3n musical en Paraguay y proponer iniciativas que fortalezcan la educaci\u00f3n musical.<br \/>Nos encantar\u00eda que m\u00e1s centros de formaci\u00f3n musical puedan unirse a esta iniciativa. Si dese\u00e1s colaborar con nosotros, escribinos y un miembro del equipo de pondr\u00e1 en contacto contigo.<\/p>\t\t\t\t\t\t<\/div>\n\t\t\t\t<\/div>\n\t\t\t\t\t<\/div>\n\t\t\t\t<\/div>\n\t\t<div class=\"elementor-element elementor-element-c2a9902 e-flex e-con-boxed e-con e-parent\" data-id=\"c2a9902\" data-element_type=\"container\" data-settings=\"{&quot;background_background&quot;:&quot;classic&quot;,&quot;content_width&quot;:&quot;boxed&quot;}\" data-core-v316-plus=\"true\">\n\t\t\t\t\t<div class=\"e-con-inner\">\n\t\t\t\t<div class=\"elementor-element elementor-element-bf767ba elementor-widget elementor-widget-text-editor\" data-id=\"bf767ba\" data-element_type=\"widget\" data-widget_type=\"text-editor.default\">\n\t\t\t\t<div class=\"elementor-widget-container\">\n\t\t\t\t\t\t\t<p>Contacto<\/p>\t\t\t\t\t\t<\/div>\n\t\t\t\t<\/div>\n\t\t\t\t<div class=\"elementor-element elementor-element-1a32ce3 elementor-icon-list--layout-traditional elementor-list-item-link-full_width elementor-widget elementor-widget-icon-list\" data-id=\"1a32ce3\" data-element_type=\"widget\" data-widget_type=\"icon-list.default\">\n\t\t\t\t<div class=\"elementor-widget-container\">\n\t\t\t<link rel=\"stylesheet\" href=\"https:\/\/fada.una.py\/mapeoescuelasmusicapy\/wp-content\/plugins\/elementor\/assets\/css\/widget-icon-list.min.css\">\t\t<ul class=\"elementor-icon-list-items\">\n\t\t\t\t\t\t\t<li class=\"elementor-icon-list-item\">\n\t\t\t\t\t\t\t\t\t\t\t<a href=\"mailto:investigacion.musica@fada.una.py\" target=\"_blank\">\n\n\t\t\t\t\t\t\t\t\t\t\t\t<span class=\"elementor-icon-list-icon\">\n\t\t\t\t\t\t\t<svg xmlns=\"http:\/\/www.w3.org\/2000\/svg\" id=\"Capa_2\" data-name=\"Capa 2\" viewBox=\"0 0 58.06 58.06\"><defs><style>      .cls-1 {        fill: #fff;      }      .cls-2 {        fill: #00a9b7;      }    <\/style><\/defs><g id=\"Capa_1-2\" data-name=\"Capa 1\"><g><path class=\"cls-2\" d=\"m58.06,29.03C58.06,13,45.07,0,29.03,0S0,13,0,29.03s12.51,28.53,28.13,29.01v.02h29.94v-28.53h-.01c0-.17.01-.33.01-.5Z\"><\/path><path class=\"cls-1\" d=\"m41.32,16.09h-24.57c-2.07,0-3.75,1.68-3.75,3.75v18.38c0,2.07,1.68,3.75,3.75,3.75h24.57c2.07,0,3.75-1.68,3.75-3.75v-18.38c0-2.07-1.68-3.75-3.75-3.75Zm-2.49,3.67l-9.77,7.01-9.48-7.01h19.26Zm2.49,18.55h-24.57s-.09-.04-.09-.09v-16.06l12.35,9.13,12.39-8.88v15.81s-.04.09-.09.09Z\"><\/path><\/g><\/g><\/svg>\t\t\t\t\t\t<\/span>\n\t\t\t\t\t\t\t\t\t\t<span class=\"elementor-icon-list-text\">investigacion.musica@fada.una.py<\/span>\n\t\t\t\t\t\t\t\t\t\t\t<\/a>\n\t\t\t\t\t\t\t\t\t<\/li>\n\t\t\t\t\t\t\t\t<li class=\"elementor-icon-list-item\">\n\t\t\t\t\t\t\t\t\t\t\t<a href=\"http:\/\/wa.link\/tyg1ap\" target=\"_blank\">\n\n\t\t\t\t\t\t\t\t\t\t\t\t<span class=\"elementor-icon-list-icon\">\n\t\t\t\t\t\t\t<svg xmlns=\"http:\/\/www.w3.org\/2000\/svg\" id=\"Capa_2\" data-name=\"Capa 2\" viewBox=\"0 0 58.06 58.06\"><defs><style>      .cls-1 {        fill: #fff;        fill-rule: evenodd;      }      .cls-2 {        fill: #00a9b7;      }    <\/style><\/defs><g id=\"Capa_1-2\" data-name=\"Capa 1\"><g><path class=\"cls-2\" d=\"m58.06,29.03C58.06,13,45.07,0,29.03,0S0,13,0,29.03s12.51,28.53,28.13,29.01v.02h29.94v-28.53h-.01c0-.17.01-.33.01-.5Z\"><\/path><path class=\"cls-1\" d=\"m40.7,35.61c-.61-.3-3.57-1.75-4.13-1.95-.55-.21-.96-.3-1.36.3-.4.6-1.57,1.95-1.91,2.34-.36.4-.7.45-1.31.15-.6-.3-2.55-.92-4.85-2.97-1.79-1.58-3.01-3.54-3.35-4.14-.35-.6-.03-.92.27-1.22.28-.28.6-.7.91-1.05.08-.1.15-.2.22-.29.14-.22.24-.43.38-.71.21-.4.1-.75-.05-1.05-.15-.3-1.36-3.25-1.87-4.45-.5-1.2-1-.99-1.36-.99s-.75-.06-1.15-.06-1.06.15-1.61.75c-.55.6-2.11,2.05-2.11,5,0,.69.13,1.38.31,2.04.61,2.11,1.92,3.85,2.15,4.15.3.39,4.17,6.64,10.3,9.04,6.14,2.39,6.14,1.59,7.25,1.49,1.11-.09,3.57-1.44,4.07-2.85.51-1.39.51-2.59.36-2.85-.15-.24-.55-.39-1.15-.69Z\"><\/path><\/g><\/g><\/svg>\t\t\t\t\t\t<\/span>\n\t\t\t\t\t\t\t\t\t\t<span class=\"elementor-icon-list-text\">+595971690019<\/span>\n\t\t\t\t\t\t\t\t\t\t\t<\/a>\n\t\t\t\t\t\t\t\t\t<\/li>\n\t\t\t\t\t\t\t\t<li class=\"elementor-icon-list-item\">\n\t\t\t\t\t\t\t\t\t\t\t<a href=\"https:\/\/www.instagram.com\/educacionmusicalpy?utm_source=ig_web_button_share_sheet&#038;igsh=ZDNlZDc0MzIxNw==\" target=\"_blank\">\n\n\t\t\t\t\t\t\t\t\t\t\t\t<span class=\"elementor-icon-list-icon\">\n\t\t\t\t\t\t\t<svg xmlns=\"http:\/\/www.w3.org\/2000\/svg\" id=\"Capa_2\" data-name=\"Capa 2\" viewBox=\"0 0 58.06 58.06\"><defs><style>      .cls-1 {        fill: #fff;      }      .cls-2 {        fill: #b8d9a9;      }    <\/style><\/defs><g id=\"Capa_1-2\" data-name=\"Capa 1\"><g><path class=\"cls-2\" d=\"m58.06,29.03C58.06,13,45.07,0,29.03,0S0,13,0,29.03s12.51,28.53,28.13,29.01v.02h29.94v-28.53h-.01c0-.17.01-.33.01-.5Z\"><\/path><g><path class=\"cls-1\" d=\"m37.3,42.94h-14.83c-3.07,0-5.57-2.44-5.57-5.44v-15.27c0-3,2.5-5.44,5.57-5.44h14.83c3.07,0,5.57,2.44,5.57,5.44v15.27c0,3-2.5,5.44-5.57,5.44Zm-14.83-23.92c-1.84,0-3.33,1.44-3.33,3.2v15.27c0,1.77,1.49,3.2,3.33,3.2h14.83c1.83,0,3.33-1.44,3.33-3.2v-15.27c0-1.77-1.49-3.2-3.33-3.2h-14.83Z\"><\/path><path class=\"cls-1\" d=\"m29.88,36.65c-3.74,0-6.79-3.05-6.79-6.79s3.05-6.79,6.79-6.79,6.79,3.05,6.79,6.79-3.05,6.79-6.79,6.79Zm0-11.34c-2.51,0-4.55,2.04-4.55,4.55s2.04,4.55,4.55,4.55,4.55-2.04,4.55-4.55-2.04-4.55-4.55-4.55Z\"><\/path><path class=\"cls-1\" d=\"m38.76,22.73c0,.88-.71,1.59-1.59,1.59s-1.59-.71-1.59-1.59.71-1.59,1.59-1.59,1.59.71,1.59,1.59Z\"><\/path><\/g><\/g><\/g><\/svg>\t\t\t\t\t\t<\/span>\n\t\t\t\t\t\t\t\t\t\t<span class=\"elementor-icon-list-text\">@educacionmusicalpy<\/span>\n\t\t\t\t\t\t\t\t\t\t\t<\/a>\n\t\t\t\t\t\t\t\t\t<\/li>\n\t\t\t\t\t\t<\/ul>\n\t\t\t\t<\/div>\n\t\t\t\t<\/div>\n\t\t\t\t\t<\/div>\n\t\t\t\t<\/div>\n\t\t\t\t<\/div>\n\t\t","protected":false},"excerpt":{"rendered":"<p>Impulsado por el equipo de investigaci\u00f3n de la Licenciatura en M\u00fasica, con el apoyo de los fondos de investigaci\u00f3n de Facultad de Arquitectura, Dise\u00f1o y Arte, este proyecto se enmarca en la l\u00ednea de investigaci\u00f3n \u201cEducaci\u00f3n musical, TICs y desarrollo humano en Paraguay\u201d y busca brindar informaci\u00f3n actualizada sobre la caracterizaci\u00f3n y ubicaci\u00f3n georreferenciada de [&hellip;]<\/p>\n","protected":false},"author":1,"featured_media":0,"parent":0,"menu_order":0,"comment_status":"closed","ping_status":"closed","template":"","meta":{"footnotes":""},"_links":{"self":[{"href":"https:\/\/fada.una.py\/mapeoescuelasmusicapy\/index.php\/wp-json\/wp\/v2\/pages\/355"}],"collection":[{"href":"https:\/\/fada.una.py\/mapeoescuelasmusicapy\/index.php\/wp-json\/wp\/v2\/pages"}],"about":[{"href":"https:\/\/fada.una.py\/mapeoescuelasmusicapy\/index.php\/wp-json\/wp\/v2\/types\/page"}],"author":[{"embeddable":true,"href":"https:\/\/fada.una.py\/mapeoescuelasmusicapy\/index.php\/wp-json\/wp\/v2\/users\/1"}],"replies":[{"embeddable":true,"href":"https:\/\/fada.una.py\/mapeoescuelasmusicapy\/index.php\/wp-json\/wp\/v2\/comments?post=355"}],"version-history":[{"count":25,"href":"https:\/\/fada.una.py\/mapeoescuelasmusicapy\/index.php\/wp-json\/wp\/v2\/pages\/355\/revisions"}],"predecessor-version":[{"id":595,"href":"https:\/\/fada.una.py\/mapeoescuelasmusicapy\/index.php\/wp-json\/wp\/v2\/pages\/355\/revisions\/595"}],"wp:attachment":[{"href":"https:\/\/fada.una.py\/mapeoescuelasmusicapy\/index.php\/wp-json\/wp\/v2\/media?parent=355"}],"curies":[{"name":"wp","href":"https:\/\/api.w.org\/{rel}","templated":true}]}}