{"id":4,"date":"2014-06-11T17:01:55","date_gmt":"2014-06-11T17:01:55","guid":{"rendered":"http:\/\/isa.edu.py\/web\/?page_id=4"},"modified":"2021-03-06T20:34:59","modified_gmt":"2021-03-07T00:34:59","slug":"historia","status":"publish","type":"page","link":"https:\/\/fada.una.py\/isa\/historia\/","title":{"rendered":"Historia"},"content":{"rendered":"<h2><strong><br \/>\nEl ISA,<\/strong> su <b>historia<\/b><\/h2>\n<p style=\"text-align: justify;\">Fue en marzo de 1987 cuando iniciamos junto con otros j\u00f3venes el Taller de L\u00ednea y Composici\u00f3n desarrollado por Olga Blinder. El grupo se consolid\u00f3 y al t\u00e9rmino del segundo taller, Espacio Figura y Forma, ya organizamos una exposici\u00f3n de trabajos en la Galer\u00eda Artesanos de Ticio Escobar.<\/p>\n<p style=\"text-align: justify;\">El taller ten\u00eda una din\u00e1mica diferente de cualquier otro porque en medio de las clases de pintura se presentaban peque\u00f1as disertaciones sobre la obra de alg\u00fan artista seleccionado, como una clase de historia de arte a cargo de cada uno de nosotros. El entusiasmo era tal que fue creciendo y al a\u00f1o ya est\u00e1bamos programando el reconocimiento del Ministerio de Educaci\u00f3n, del Idea Instituto de Arte. Dicho reconocimiento se concret\u00f3 en 1991.<\/p>\n<p style=\"text-align: justify;\">Fue as\u00ed que O.B. nos fue inculcando la idea de llevar la educaci\u00f3n art\u00edstica a niveles superiores, pensar en la universidad, como corolario de una educaci\u00f3n art\u00edstica sistematizada.<\/p>\n<p style=\"text-align: justify;\">Realizamos una primera prueba con la Universidad Privada Columbia del Paraguay en el a\u00f1o 1992 con la cual trabajamos por dos a\u00f1os. Este proyecto lo finalizamos porque los estudiantes, adem\u00e1s de abonar las cuotas, deb\u00edan comprar materiales lo que encarec\u00eda los cursos. As\u00ed comenz\u00f3 la aventura de pensar en la Universidad Nacional de Asunci\u00f3n como el espacio adecuado para el desarrollo de nuestras ilusiones.<\/p>\n<p style=\"text-align: justify;\">A partir del a\u00f1o 1992 iniciamos una serie de reuniones que se realizaban todos los s\u00e1bados en horas de la tarde en el departamento de la se\u00f1ora Maricarmen Bell\u00f3 que, por coincidencia, estaba ubicado en el mismo edificio que el de Olga.<\/p>\n<p style=\"text-align: justify;\">Fueron tres a\u00f1os de trabajar sin pausa revisando programas de estudio y mallas curriculares de otras universidades similares, al tiempo de ir organizando todo lo referente a una carrera de \u00edndole universitaria. La tarea fue ardua pero nuestro entusiasmo pudo m\u00e1s. Finalmente consideramos que el material a ser presentado a las autoridades de la UNA estaba a punto.<\/p>\n<p style=\"text-align: justify;\">Siendo Rector el Dr. Luis H. Berganza presentamos el proyecto a las autoridades de la UNA a finales del a\u00f1o 1994 y el 06 de marzo de 1995 en el acta n\u00ba 489 el Honorable Consejo de la Universidad Nacional de Asunci\u00f3n aprob\u00f3 la creaci\u00f3n del Instituto Superior de Arte, dependiente de la Facultad de Arquitectura, marcando como fecha de inicio el mes de marzo de 1996.<\/p>\n<p style=\"text-align: justify;\">Las clases iniciales fueron en las aulas del TEI \u2013Taller de Expresi\u00f3n Infantil, inclusive utilizamos las mismas mesitas y sillitas de los ni\u00f1os, una interesante paradoja: comenz\u00e1bamos a caminar los primeras pasos de la educaci\u00f3n art\u00edstica universitaria en un espacio infantil, pero eso s\u00ed, emblem\u00e1tico para las artes visuales de nuestro pa\u00eds.<\/p>\n<p style=\"text-align: justify;\">Para el mes de mayo de ese a\u00f1o ya est\u00e1bamos instalados en una casa antigua ubicada en la calle M\u00e9xico esquina Manuel Dom\u00ednguez, haci\u00e9ndose la inauguraci\u00f3n oficial el 30 de mayo de 1996, con la presencia de las m\u00e1ximas autoridades de la UNA, el grupo inicial de 50 alumnos, cuerpo de docentes en n\u00famero de 10 y amigos del \u00e1mbito de las artes. El acto se desarroll\u00f3 en medio de una lluvia torrencial, lo que tomamos como s\u00edmbolo de buen augurio.<\/p>\n<p style=\"text-align: justify;\">Para el a\u00f1o 1998, nuestro espacio ya resultaba peque\u00f1o porque cada a\u00f1o fueron ingresando nuevos grupos de alumnos, por lo que tuvimos que iniciar la b\u00fasqueda de otra casa que nos albergara; el segundo semestre de ese a\u00f1o ya lo iniciamos en el local de la calle Ana D\u00edaz 1253 entre Capit\u00e1n Figari y Rojas Silva.<\/p>\n<p style=\"text-align: justify;\">El n\u00famero de alumnos fue creciendo as\u00ed como nuestras ofertas de carreras. As\u00ed en 2003 se crearon las carreras de Dise\u00f1o de Vestuario Esc\u00e9nico y la de Docencia en Artes Visuales, ambas salidas intermedias con dos a\u00f1os de duraci\u00f3n, lo que hizo que aumentaran las necesidades de espacio y tuvi\u00e9ramos que buscar un sitio adecuado a una carrera universitaria. En marzo de 2010 comenzamos a funcionar en el local de la calle Estrella 728 entre Ayolas y O\u00b4leary, en lo que fueran los jardines del Uni\u00f3n Club. Nuestro sue\u00f1o de tantos a\u00f1os se hab\u00eda concretado: est\u00e1bamos en el casco hist\u00f3rico de la ciudad.<\/p>\n<p><strong>William Paats<\/strong><\/p>\n","protected":false},"excerpt":{"rendered":"<p>El ISA, su historia Fue en marzo de 1987 cuando iniciamos junto con otros j\u00f3venes el Taller de L\u00ednea y Composici\u00f3n desarrollado por Olga Blinder. El grupo se consolid\u00f3 y al t\u00e9rmino del segundo taller, Espacio Figura y Forma, ya organizamos una&#8230;<\/p>\n","protected":false},"author":1,"featured_media":3117,"parent":0,"menu_order":0,"comment_status":"closed","ping_status":"closed","template":"","meta":{"footnotes":""},"class_list":["post-4","page","type-page","status-publish","has-post-thumbnail","hentry"],"_links":{"self":[{"href":"https:\/\/fada.una.py\/isa\/wp-json\/wp\/v2\/pages\/4","targetHints":{"allow":["GET"]}}],"collection":[{"href":"https:\/\/fada.una.py\/isa\/wp-json\/wp\/v2\/pages"}],"about":[{"href":"https:\/\/fada.una.py\/isa\/wp-json\/wp\/v2\/types\/page"}],"author":[{"embeddable":true,"href":"https:\/\/fada.una.py\/isa\/wp-json\/wp\/v2\/users\/1"}],"replies":[{"embeddable":true,"href":"https:\/\/fada.una.py\/isa\/wp-json\/wp\/v2\/comments?post=4"}],"version-history":[{"count":15,"href":"https:\/\/fada.una.py\/isa\/wp-json\/wp\/v2\/pages\/4\/revisions"}],"predecessor-version":[{"id":3201,"href":"https:\/\/fada.una.py\/isa\/wp-json\/wp\/v2\/pages\/4\/revisions\/3201"}],"wp:featuredmedia":[{"embeddable":true,"href":"https:\/\/fada.una.py\/isa\/wp-json\/wp\/v2\/media\/3117"}],"wp:attachment":[{"href":"https:\/\/fada.una.py\/isa\/wp-json\/wp\/v2\/media?parent=4"}],"curies":[{"name":"wp","href":"https:\/\/api.w.org\/{rel}","templated":true}]}}