{"id":2413,"date":"2016-07-19T17:08:25","date_gmt":"2016-07-19T17:08:25","guid":{"rendered":"http:\/\/isa.edu.py\/web\/?page_id=2413"},"modified":"2016-07-19T18:11:26","modified_gmt":"2016-07-19T18:11:26","slug":"publicaciones","status":"publish","type":"page","link":"https:\/\/fada.una.py\/isa\/publicaciones\/","title":{"rendered":"Publicaciones"},"content":{"rendered":"<p>Publicaciones realizadas a trav\u00e9s de la instituci\u00f3n.<\/p>\n<p><div id='gallery-1' class='gallery galleryid-2413 gallery-columns-3 gallery-size-thumbnail'><figure class='gallery-item'>\n\t\t\t<div class='gallery-icon portrait'>\n\t\t\t\t<a href='https:\/\/fada.una.py\/isa\/wp-content\/uploads\/2016\/07\/0003_0011.jpg'><img loading=\"lazy\" decoding=\"async\" width=\"150\" height=\"150\" src=\"https:\/\/fada.una.py\/isa\/wp-content\/uploads\/2016\/07\/0003_0011-150x150.jpg\" class=\"attachment-thumbnail size-thumbnail\" alt=\"\" srcset=\"https:\/\/fada.una.py\/isa\/wp-content\/uploads\/2016\/07\/0003_0011-150x150.jpg 150w, https:\/\/fada.una.py\/isa\/wp-content\/uploads\/2016\/07\/0003_0011-300x300.jpg 300w\" sizes=\"auto, (max-width: 150px) 100vw, 150px\" \/><\/a>\n\t\t\t<\/div><\/figure><figure class='gallery-item'>\n\t\t\t<div class='gallery-icon portrait'>\n\t\t\t\t<a href='https:\/\/fada.una.py\/isa\/wp-content\/uploads\/2016\/07\/0004_001.jpg'><img loading=\"lazy\" decoding=\"async\" width=\"150\" height=\"150\" src=\"https:\/\/fada.una.py\/isa\/wp-content\/uploads\/2016\/07\/0004_001-150x150.jpg\" class=\"attachment-thumbnail size-thumbnail\" alt=\"\" srcset=\"https:\/\/fada.una.py\/isa\/wp-content\/uploads\/2016\/07\/0004_001-150x150.jpg 150w, https:\/\/fada.una.py\/isa\/wp-content\/uploads\/2016\/07\/0004_001-300x300.jpg 300w\" sizes=\"auto, (max-width: 150px) 100vw, 150px\" \/><\/a>\n\t\t\t<\/div><\/figure>\n\t\t<\/div>\n<br \/>\nT\u00edtulo: Scheller, memoria de un olvido<br \/>\nAutora: Gloria del Pilar Velilla Mula<br \/>\nSerie de Cuaderno de Arte N\u00famero Cinco\u00a0&#8211;\u00a0FADA\/ UNA<br \/>\nA\u00f1o: 2014<\/p>\n<p>&nbsp;<\/p>\n<div id='gallery-2' class='gallery galleryid-2413 gallery-columns-3 gallery-size-thumbnail'><figure class='gallery-item'>\n\t\t\t<div class='gallery-icon landscape'>\n\t\t\t\t<a href='https:\/\/fada.una.py\/isa\/publicaciones\/citaciones1\/'><img loading=\"lazy\" decoding=\"async\" width=\"150\" height=\"150\" src=\"https:\/\/fada.una.py\/isa\/wp-content\/uploads\/2016\/07\/citaciones1-150x150.jpg\" class=\"attachment-thumbnail size-thumbnail\" alt=\"\" srcset=\"https:\/\/fada.una.py\/isa\/wp-content\/uploads\/2016\/07\/citaciones1-150x150.jpg 150w, https:\/\/fada.una.py\/isa\/wp-content\/uploads\/2016\/07\/citaciones1-300x300.jpg 300w\" sizes=\"auto, (max-width: 150px) 100vw, 150px\" \/><\/a>\n\t\t\t<\/div><\/figure><figure class='gallery-item'>\n\t\t\t<div class='gallery-icon landscape'>\n\t\t\t\t<a href='https:\/\/fada.una.py\/isa\/publicaciones\/citaciones3\/'><img loading=\"lazy\" decoding=\"async\" width=\"150\" height=\"150\" src=\"https:\/\/fada.una.py\/isa\/wp-content\/uploads\/2016\/07\/citaciones3-150x150.jpg\" class=\"attachment-thumbnail size-thumbnail\" alt=\"\" srcset=\"https:\/\/fada.una.py\/isa\/wp-content\/uploads\/2016\/07\/citaciones3-150x150.jpg 150w, https:\/\/fada.una.py\/isa\/wp-content\/uploads\/2016\/07\/citaciones3-300x300.jpg 300w\" sizes=\"auto, (max-width: 150px) 100vw, 150px\" \/><\/a>\n\t\t\t<\/div><\/figure><figure class='gallery-item'>\n\t\t\t<div class='gallery-icon landscape'>\n\t\t\t\t<a href='https:\/\/fada.una.py\/isa\/publicaciones\/citaciones2\/'><img loading=\"lazy\" decoding=\"async\" width=\"150\" height=\"150\" src=\"https:\/\/fada.una.py\/isa\/wp-content\/uploads\/2016\/07\/citaciones2-150x150.jpg\" class=\"attachment-thumbnail size-thumbnail\" alt=\"\" srcset=\"https:\/\/fada.una.py\/isa\/wp-content\/uploads\/2016\/07\/citaciones2-150x150.jpg 150w, https:\/\/fada.una.py\/isa\/wp-content\/uploads\/2016\/07\/citaciones2-300x300.jpg 300w\" sizes=\"auto, (max-width: 150px) 100vw, 150px\" \/><\/a>\n\t\t\t<\/div><\/figure>\n\t\t<\/div>\n\n<p>T\u00edtulo: Citaciones<br \/>\nAutores: Mabel Avila, F\u00e9lix Cardozo, Lia Colombino, Alban Mart\u00ednez, William Paats, Carlos Sosa Rabito, Adriana Rodr\u00edguez<br \/>\nSerie Cuadernos de Arte N\u00famero Tres. ISA-FADA\/UNA<br \/>\nA\u00f1o: 2011<\/p>\n<p>&nbsp;<\/p>\n<div id='gallery-3' class='gallery galleryid-2413 gallery-columns-3 gallery-size-thumbnail'><figure class='gallery-item'>\n\t\t\t<div class='gallery-icon landscape'>\n\t\t\t\t<a href='https:\/\/fada.una.py\/isa\/wp-content\/uploads\/2016\/07\/unamiradadesdeelarte1.jpg'><img loading=\"lazy\" decoding=\"async\" width=\"150\" height=\"150\" src=\"https:\/\/fada.una.py\/isa\/wp-content\/uploads\/2016\/07\/unamiradadesdeelarte1-150x150.jpg\" class=\"attachment-thumbnail size-thumbnail\" alt=\"\" srcset=\"https:\/\/fada.una.py\/isa\/wp-content\/uploads\/2016\/07\/unamiradadesdeelarte1-150x150.jpg 150w, https:\/\/fada.una.py\/isa\/wp-content\/uploads\/2016\/07\/unamiradadesdeelarte1-300x300.jpg 300w\" sizes=\"auto, (max-width: 150px) 100vw, 150px\" \/><\/a>\n\t\t\t<\/div><\/figure><figure class='gallery-item'>\n\t\t\t<div class='gallery-icon landscape'>\n\t\t\t\t<a href='https:\/\/fada.una.py\/isa\/wp-content\/uploads\/2016\/07\/unamiradadesdeelarte2.jpg'><img loading=\"lazy\" decoding=\"async\" width=\"150\" height=\"150\" src=\"https:\/\/fada.una.py\/isa\/wp-content\/uploads\/2016\/07\/unamiradadesdeelarte2-150x150.jpg\" class=\"attachment-thumbnail size-thumbnail\" alt=\"\" srcset=\"https:\/\/fada.una.py\/isa\/wp-content\/uploads\/2016\/07\/unamiradadesdeelarte2-150x150.jpg 150w, https:\/\/fada.una.py\/isa\/wp-content\/uploads\/2016\/07\/unamiradadesdeelarte2-300x300.jpg 300w\" sizes=\"auto, (max-width: 150px) 100vw, 150px\" \/><\/a>\n\t\t\t<\/div><\/figure><figure class='gallery-item'>\n\t\t\t<div class='gallery-icon portrait'>\n\t\t\t\t<a href='https:\/\/fada.una.py\/isa\/wp-content\/uploads\/2016\/07\/unamiradadesdeelarte3.jpg'><img loading=\"lazy\" decoding=\"async\" width=\"150\" height=\"150\" src=\"https:\/\/fada.una.py\/isa\/wp-content\/uploads\/2016\/07\/unamiradadesdeelarte3-150x150.jpg\" class=\"attachment-thumbnail size-thumbnail\" alt=\"\" srcset=\"https:\/\/fada.una.py\/isa\/wp-content\/uploads\/2016\/07\/unamiradadesdeelarte3-150x150.jpg 150w, https:\/\/fada.una.py\/isa\/wp-content\/uploads\/2016\/07\/unamiradadesdeelarte3-300x300.jpg 300w\" sizes=\"auto, (max-width: 150px) 100vw, 150px\" \/><\/a>\n\t\t\t<\/div><\/figure>\n\t\t<\/div>\n\n<p>T\u00edtulo: Una mirada desde el arte<br \/>\nAutores: Ray Armele, Mabel Avila, F\u00e9lix Cardozo, Stella Cherry, Celso Figueredo, Cynthia Mart\u00ednez, Graciela Nery Huerta, Willam Paats Mart\u00ednez, Margarita Rodr\u00edguez L. Laura In\u00e9s Zayas Rossi.<br \/>\nSerie de Cuadernos de Arte N\u00famero Dos<br \/>\nA\u00f1o: 2010<\/p>\n<p>&nbsp;<\/p>\n<div id='gallery-4' class='gallery galleryid-2413 gallery-columns-3 gallery-size-thumbnail'><figure class='gallery-item'>\n\t\t\t<div class='gallery-icon landscape'>\n\t\t\t\t<a href='https:\/\/fada.una.py\/isa\/publicaciones\/procedimientospictoricos1\/'><img loading=\"lazy\" decoding=\"async\" width=\"150\" height=\"150\" src=\"https:\/\/fada.una.py\/isa\/wp-content\/uploads\/2016\/07\/ProcedimientosPictoricos1-150x150.jpg\" class=\"attachment-thumbnail size-thumbnail\" alt=\"\" srcset=\"https:\/\/fada.una.py\/isa\/wp-content\/uploads\/2016\/07\/ProcedimientosPictoricos1-150x150.jpg 150w, https:\/\/fada.una.py\/isa\/wp-content\/uploads\/2016\/07\/ProcedimientosPictoricos1-300x300.jpg 300w\" sizes=\"auto, (max-width: 150px) 100vw, 150px\" \/><\/a>\n\t\t\t<\/div><\/figure><figure class='gallery-item'>\n\t\t\t<div class='gallery-icon portrait'>\n\t\t\t\t<a href='https:\/\/fada.una.py\/isa\/publicaciones\/procedimientospictoricos2\/'><img loading=\"lazy\" decoding=\"async\" width=\"150\" height=\"150\" src=\"https:\/\/fada.una.py\/isa\/wp-content\/uploads\/2016\/07\/ProcedimientosPictoricos2-150x150.jpg\" class=\"attachment-thumbnail size-thumbnail\" alt=\"\" srcset=\"https:\/\/fada.una.py\/isa\/wp-content\/uploads\/2016\/07\/ProcedimientosPictoricos2-150x150.jpg 150w, https:\/\/fada.una.py\/isa\/wp-content\/uploads\/2016\/07\/ProcedimientosPictoricos2-300x300.jpg 300w\" sizes=\"auto, (max-width: 150px) 100vw, 150px\" \/><\/a>\n\t\t\t<\/div><\/figure>\n\t\t<\/div>\n\n<p>T\u00edtulo:\u00a0Manual de Procedimientos Pict\u00f3ricos<br \/>\nAutora:\u00a0Graciela Nery Huerta<br \/>\nSerie Cuaderno de Arte N\u00famero Uno.\u00a0ISA-FADA\/UNA<br \/>\nA\u00f1o: 2010<\/p>\n<p>&nbsp;<\/p>\n<div id='gallery-5' class='gallery galleryid-2413 gallery-columns-3 gallery-size-thumbnail'><figure class='gallery-item'>\n\t\t\t<div class='gallery-icon portrait'>\n\t\t\t\t<a href='https:\/\/fada.una.py\/isa\/publicaciones\/0005_001\/'><img loading=\"lazy\" decoding=\"async\" width=\"150\" height=\"150\" src=\"https:\/\/fada.una.py\/isa\/wp-content\/uploads\/2016\/07\/0005_001-150x150.jpg\" class=\"attachment-thumbnail size-thumbnail\" alt=\"\" srcset=\"https:\/\/fada.una.py\/isa\/wp-content\/uploads\/2016\/07\/0005_001-150x150.jpg 150w, https:\/\/fada.una.py\/isa\/wp-content\/uploads\/2016\/07\/0005_001-300x300.jpg 300w\" sizes=\"auto, (max-width: 150px) 100vw, 150px\" \/><\/a>\n\t\t\t<\/div><\/figure><figure class='gallery-item'>\n\t\t\t<div class='gallery-icon portrait'>\n\t\t\t\t<a href='https:\/\/fada.una.py\/isa\/publicaciones\/0006_001\/'><img loading=\"lazy\" decoding=\"async\" width=\"150\" height=\"150\" src=\"https:\/\/fada.una.py\/isa\/wp-content\/uploads\/2016\/07\/0006_001-150x150.jpg\" class=\"attachment-thumbnail size-thumbnail\" alt=\"\" srcset=\"https:\/\/fada.una.py\/isa\/wp-content\/uploads\/2016\/07\/0006_001-150x150.jpg 150w, https:\/\/fada.una.py\/isa\/wp-content\/uploads\/2016\/07\/0006_001-300x300.jpg 300w\" sizes=\"auto, (max-width: 150px) 100vw, 150px\" \/><\/a>\n\t\t\t<\/div><\/figure>\n\t\t<\/div>\n\n<p>T\u00edtulo: Jaime Bestard, arte y dignidad<br \/>\nAutora:\u00a0Amalia Ru\u00edz D\u00edaz<br \/>\nFondec \/ ISA-FADA\/UNA<br \/>\nA\u00f1o: 2009<\/p>\n<p>&nbsp;<\/p>\n","protected":false},"excerpt":{"rendered":"<p>Publicaciones realizadas a trav\u00e9s de la instituci\u00f3n. T\u00edtulo: Scheller, memoria de un olvido Autora: Gloria del Pilar Velilla Mula Serie de Cuaderno de Arte N\u00famero Cinco\u00a0&#8211;\u00a0FADA\/ UNA A\u00f1o: 2014 &nbsp; T\u00edtulo: Citaciones Autores: Mabel Avila, F\u00e9lix Cardozo, Lia Colombino, Alban Mart\u00ednez, William&#8230;<\/p>\n","protected":false},"author":1,"featured_media":0,"parent":0,"menu_order":0,"comment_status":"closed","ping_status":"closed","template":"","meta":{"footnotes":""},"class_list":["post-2413","page","type-page","status-publish","hentry"],"_links":{"self":[{"href":"https:\/\/fada.una.py\/isa\/wp-json\/wp\/v2\/pages\/2413","targetHints":{"allow":["GET"]}}],"collection":[{"href":"https:\/\/fada.una.py\/isa\/wp-json\/wp\/v2\/pages"}],"about":[{"href":"https:\/\/fada.una.py\/isa\/wp-json\/wp\/v2\/types\/page"}],"author":[{"embeddable":true,"href":"https:\/\/fada.una.py\/isa\/wp-json\/wp\/v2\/users\/1"}],"replies":[{"embeddable":true,"href":"https:\/\/fada.una.py\/isa\/wp-json\/wp\/v2\/comments?post=2413"}],"version-history":[{"count":7,"href":"https:\/\/fada.una.py\/isa\/wp-json\/wp\/v2\/pages\/2413\/revisions"}],"predecessor-version":[{"id":2433,"href":"https:\/\/fada.una.py\/isa\/wp-json\/wp\/v2\/pages\/2413\/revisions\/2433"}],"wp:attachment":[{"href":"https:\/\/fada.una.py\/isa\/wp-json\/wp\/v2\/media?parent=2413"}],"curies":[{"name":"wp","href":"https:\/\/api.w.org\/{rel}","templated":true}]}}